s digit of u?
2
Suppose 2*r - p = -0*r + 38, -2*r = -3*p - 42. Let o be (2/(-4))/((-1)/20). Let v = r - o. What is the units digit of v?
8
Let l = 6 + -14. Let w(x) = -x + 9. Let c be w(14). Let z = c - l. What is the units digit of z?
3
Suppose -4*h - 2597 = -11*h. What is the units digit of h?
1
Let s = -5 + 7. Suppose s*z - 4*z = -12. What is the units digit of z?
6
What is the tens digit of 44 + (-3 + (3 - 0))/(-2)?
4
Suppose 3*s - 4*h = -7 + 67, -4*h + 36 = s. What is the tens digit of s?
2
Let i be 21/12*(-8 + 4). What is the units digit of (-3)/4*(-31 - i)?
8
Suppose 0*y + y = 3*p + 5, -11 = -3*y + 5*p. What is the units digit of y?
2
Let d(k) = 2*k**2 + 1 + k + 0*k**2 + 0*k - k**2. What is the units digit of d(-2)?
3
Let a = 7 - 2. Suppose a*g - 135 = -0*g. What is the tens digit of g?
2
Suppose 4*w - 11 = -3*y + 2*y, 0 = -5*w - 4*y + 11. Suppose -16 = -2*d - 4. Suppose w*r = -d + 48. What is the units digit of r?
4
Let m(v) = -v**2 + 19*v - 10. What is the tens digit of m(15)?
5
Suppose -58 = -2*f + 34. What is the tens digit of f?
4
Let i(n) = -5*n - 4. What is the tens digit of i(-8)?
3
Suppose 2*m + 140 = 3*m. What is the hundreds digit of m?
1
Let h = -35 - -60. What is the units digit of h?
5
What is the tens digit of 1*200 + 6/(-3)?
9
Let s = -61 - -111. Suppose c = -4*c + s. What is the units digit of c?
0
Suppose -4*j - 13 = 23. Let b = j - -21. What is the units digit of b?
2
Suppose 2*z + 0*z = 382. What is the tens digit of z?
9
Let u(c) = c**3 + 6*c**2 - 4*c - 6. Let j be 1/3 + (-5)/(-3). Suppose 4*t = w - 24, j*w + 7 = -2*t - 5. What is the units digit of u(t)?
8
Let x be (-74)/(-14) + (-4)/14. Suppose -z - 200 = -x*z. Suppose -3*l = -2*l - 2*t - 22, 2*t = -3*l + z. What is the units digit of l?
8
Suppose -34 = 4*s - 122. What is the units digit of s?
2
What is the tens digit of (-1)/2 + (-1225)/(-10) + 2?
2
Let w be (-5)/10 + 45/6. Suppose j - 4*k - 41 = w, -2*k = 4*j - 120. What is the units digit of j?
2
Let n(b) = -4*b**3 - b**2 + b + 1. Let h(q) = q**2 + 8*q + 6. Let z be h(-7). Let s be n(z). Suppose -5*w - 2*d + 38 = -d, d = s. What is the units digit of w?
7
Let w(n) = n**3 + 20*n**2 + 32*n - 20. What is the tens digit of w(-18)?
5
What is the units digit of 107*9/(45/10)?
4
Suppose 0 = 4*v + 22 - 390. What is the tens digit of v?
9
Let h = -9 - -49. What is the tens digit of h?
4
What is the tens digit of 1/(322/80 + -4)?
4
What is the tens digit of ((-20)/20)/((4/(-142))/2)?
7
Let o = 25 - -4. Suppose 0 = -4*c + 5*s + 102, -c + 5*s + 4 + o = 0. Suppose 3*i - c = 19. What is the tens digit of i?
1
Suppose -24 = 2*m - 100. Let h = -23 + m. What is the tens digit of h?
1
Suppose m = 97 - 27. Suppose -x = x - m. What is the units digit of x?
5
Let d = -102 + 159. Suppose 5*i = 152 - d. What is the tens digit of i?
1
Suppose 5*f + r = -0*f + 1650, -4*f + 1291 = -5*r. What is the hundreds digit of f?
3
Suppose -v = 3*b - 3, v + 12 = 5*v - 5*b. Let q(r) = 2*r - 1. What is the units digit of q(v)?
5
Let n(o) = -16*o - 2. Let g be n(-2). Let m be 6/(-18) - (-26)/6. Suppose m*y - g = y. What is the units digit of y?
0
Let z = -18 - -42. What is the units digit of z?
4
Let y be 43 - (2*-2 - -2). Suppose -3*o - 2*o + y = 0. What is the units digit of o?
9
Suppose 8 = -5*l + 63. What is the units digit of l?
1
Let i(z) = -3*z**2 - 17*z - 15. Let w(s) = -4*s**2 - 26*s - 22. Let b(d) = -7*i(d) + 5*w(d). What is the units digit of b(12)?
7
Let s = -14 - -16. Let o(p) = -p + 4. What is the units digit of o(s)?
2
Let q = -15 - -18. Suppose -q*g = -123 + 3. What is the tens digit of g?
4
Let g(i) = 7*i - 1. Let h be 3*((-5 - -4) + 2). What is the tens digit of g(h)?
2
Suppose 0 = 3*q, 4*q - 2*q + 4 = -t. Let c = t - -29. What is the tens digit of c?
2
Let n = -13 - -154. What is the units digit of n?
1
Let k = -11 + 27. Suppose -3*d - 5*j - 17 = -0*j, 0 = 4*d - 5*j - 24. Let p = k + d. What is the units digit of p?
7
Let i = 18 - 16. Suppose -i*x + 83 = 23. What is the tens digit of x?
3
Let j(h) = 7*h + 11. What is the tens digit of j(13)?
0
Suppose 2*a = -3*u + 11, -7*u + 4*a - 11 = -2*u. Let z be u/((-3)/(-2) - 1). Suppose 62 - 4 = 5*t - z*j, 4*t + 2*j = 32. What is the units digit of t?
0
Suppose 0 = 4*l - 168 + 28. What is the tens digit of l?
3
Let o be (-2)/1 - 4/(-2). Let g(w) be the first derivative of w**3/3 - w**2/2 + 6*w + 3. What is the units digit of g(o)?
6
Let o(m) = -m**3 - 9*m**2 - 3*m - 11. What is the tens digit of o(-9)?
1
Let s(m) = m**2 - 10*m - 5. Let y(c) = c**3 - 5*c**2 - 3*c - 8. Let u be y(6). Let w be s(u). What is the units digit of (-1)/4 - w/4?
1
Let t = 50 - 28. Suppose -t = -4*n - 6. What is the units digit of n?
4
Let g be 212 - (-1 + -3 + 3). Let r be g/(-15) + 2/10. Let u = -10 - r. What is the units digit of u?
4
Suppose 5*m = -5*h + 135, 0 = h + 3*m - 5 - 18. Suppose 5*q - h = -4*s - 0*s, 2*q = -s + 14. Let r = 14 - q. What is the units digit of r?
5
Suppose c + 6 = 2*z - 4, -2*z + 5*c = -26. Suppose z*i - 2*u - 72 = u, -32 = -i - u. What is the units digit of i?
8
Let d(v) = -10*v - 1. Let k be d(1). Let r = -7 - k. Suppose 0 = -r*u + 7 + 1. What is the units digit of u?
2
Let h(b) = 4 - 4 - b + 4. Suppose 5*s - 2*s = 0. What is the units digit of h(s)?
4
Let a(r) = r + 16 - 1 - 5. What is the units digit of a(-7)?
3
Let t(c) = 9*c**2 + c. Let m be (2/(-5))/((-3)/75). Let i(h) = h**3 - 9*h**2 - 9*h - 11. Let k be i(m). What is the units digit of t(k)?
8
What is the units digit of -2*(-6)/(-8)*-2 + 1?
4
Suppose 0 = 4*n + 22 - 2. Let g = n - 0. Let a(v) = -4*v + 3. What is the tens digit of a(g)?
2
Let o = 45 + -3. Suppose 0 = 2*t - 4*t + o. What is the tens digit of t?
2
Suppose 3*v = 8*v - 80. What is the tens digit of v?
1
Suppose -6 - 4 = -2*p - 5*i, 4*i = 5*p - 25. Let s(w) = -w + 13. Let u be s(5). Suppose 40 = 5*n - p*t, -u*t = 3*n - 3*t - 8. What is the units digit of n?
6
Let x = -81 + 32. What is the units digit of 374/14 - 14/x?
7
Suppose -2*g + 0*u = u - 80, 3*g - 142 = 4*u. Suppose -10 + g = -4*b. Let n(d) = -d + 5. What is the units digit of n(b)?
3
Let n(m) = m**3 + m**2 - m + 2. What is the units digit of n(0)?
2
Suppose 2*n + 8 = 6*n. Suppose n*x = x - 15. What is the tens digit of 5/(x/(-6) + -2)?
1
Let i(k) = k + 1. Let x be i(9). Suppose -1 = r - x. What is the units digit of r?
9
Let c(w) = 2*w**2 - 6*w + 7. What is the units digit of c(7)?
3
Suppose 3*h + 0 = -2*d - 5, 5*d = -3*h - 17. Suppose 4*s + 8 = 0, 2*i - 8 + 4 = -4*s. Let f = h + i. What is the units digit of f?
7
Let y = 164 - -21. What is the hundreds digit of y?
1
Let f = 153 + -88. What is the tens digit of f?
6
Let k(y) = -2*y - 2. Let w be k(2). Let a = -2 - w. Suppose 2*c - a + 0 = 0. What is the units digit of c?
2
Suppose -3 = -t - 3*u, 3 = 3*t - 2*t + 4*u. Suppose -51 = -4*r + 101. Suppose 0 = v - 2*s + s - 1, t*v - r = -4*s. What is the units digit of v?
6
Let q be 33 - ((-3)/(-3) + 2). Suppose -6*k = -k - q. Suppose z = 2*h - 3, 4*h = 4*z + 14 - k. What is the units digit of h?
1
Let n be (-20)/(-5) - (-1 + 1). Suppose 76 = n*d + 4*c, -d + 2*d + 2*c - 22 = 0. What is the units digit of d?
6
Let t = 103 + -74. What is the tens digit of t?
2
What is the units digit of 17*(5 + -4)*1?
7
Let k(n) = n**3 + 9*n**2 + 10*n - 1. What is the units digit of k(-7)?
7
Suppose -h + 4*w = 14, 3*w - 6 = -h + 1. Let v be -3*(4/3 + h). Suppose 0 = -3*a - 5*u, -v*a = -7*a - 5*u + 10. What is the units digit of a?
5
Suppose 13 = -5*t - 32. Let l = t + 18. What is the units digit of l?
9
Let p be 14/4*(-24)/(-42). Suppose n - p*n = -25. What is the tens digit of n?
2
Let v(p) = 2*p**2 - p. Let q be v(1). Let d(l) = l. Let g(z) = 2*z - 2. Let x(o) = q*g(o) - 3*d(o). What is the units digit of x(-10)?
8
Let v = 21 - -3. What is the tens digit of v?
2
Suppose -2 = -5*r + 3. Let s(k) = 2*k**2 + k. Let i be s(r). Let a = i + 0. What is the units digit of a?
3
Suppose -27*v - 1015 = -32*v. What is the tens digit of v?
0
Let u = 6 + -5. What is the units digit of u?
1
Suppose -d + 459 = 4*o, -2*o - 6*d + 3*d = -237. What is the units digit of o?
4
What is the tens digit of ((-2)/(-3))/(12/1098)?
6
Suppose c - 7*c + 96 = 0. What is the tens digit of c?
1
Suppose d - 3*d = 2. What is the units digit of (-7 + d)/(2 - 3)?
8
Let n